der when 40805 is divided by 96?
5
What is the remainder when 664819 is divided by 221602?
13
Calculate the remainder when 57381 is divided by 57300.
81
Calculate the remainder when 621020 is divided by 1107.
1100
Calculate the remainder when 519880 is divided by 13.
10
What is the remainder when 1608292 is divided by 13?
10
Calculate the remainder when 7395 is divided by 306.
51
Calculate the remainder when 416268 is divided by 16.
12
Calculate the remainder when 6467 is divided by 81.
68
Calculate the remainder when 43116 is divided by 245.
241
What is the remainder when 7726 is divided by 97?
63
What is the remainder when 902 is divided by 17?
1
Calculate the remainder when 1625 is divided by 1548.
77
What is the remainder when 47550 is divided by 1973?
198
Calculate the remainder when 18300 is divided by 132.
84
What is the remainder when 71205 is divided by 71172?
33
Calculate the remainder when 49118 is divided by 236.
30
What is the remainder when 46780 is divided by 393?
13
What is the remainder when 71140 is divided by 71130?
10
What is the remainder when 1102 is divided by 94?
68
Calculate the remainder when 8432 is divided by 1294.
668
Calculate the remainder when 122056 is divided by 30507.
28
Calculate the remainder when 4586 is divided by 756.
50
What is the remainder when 27530 is divided by 6857?
102
Calculate the remainder when 1232943 is divided by 33.
30
Calculate the remainder when 1678 is divided by 449.
331
What is the remainder when 948 is divided by 449?
50
Calculate the remainder when 518282 is divided by 259130.
22
Calculate the remainder when 188373 is divided by 501.
498
What is the remainder when 4993 is divided by 2435?
123
What is the remainder when 6702 is divided by 427?
297
What is the remainder when 75450 is divided by 576?
570
Calculate the remainder when 7277 is divided by 3632.
13
Calculate the remainder when 25269 is divided by 36.
33
What is the remainder when 6936 is divided by 462?
6
Calculate the remainder when 4078 is divided by 676.
22
Calculate the remainder when 10839 is divided by 35.
24
What is the remainder when 830 is divided by 157?
45
What is the remainder when 48292 is divided by 37?
7
What is the remainder when 221924 is divided by 74?
72
What is the remainder when 58697 is divided by 100?
97
What is the remainder when 36574 is divided by 321?
301
Calculate the remainder when 203820 is divided by 8.
4
Calculate the remainder when 20401 is divided by 884.
69
What is the remainder when 35815 is divided by 32?
7
What is the remainder when 5022 is divided by 126?
108
Calculate the remainder when 186237 is divided by 494.
493
What is the remainder when 79040 is divided by 2025?
65
Calculate the remainder when 27697 is divided by 13.
7
What is the remainder when 66192 is divided by 197?
0
What is the remainder when 2882 is divided by 226?
170
What is the remainder when 73627 is divided by 82?
73
What is the remainder when 53925 is divided by 102?
69
Calculate the remainder when 974798 is divided by 400.
398
What is the remainder when 4989 is divided by 294?
285
What is the remainder when 266876 is divided by 88916?
128
Calculate the remainder when 8579 is divided by 36.
11
What is the remainder when 228677 is divided by 2755?
12
Calculate the remainder when 1374373 is divided by 625.
623
Calculate the remainder when 1849 is divided by 58.
51
What is the remainder when 46426 is divided by 619?
1
Calculate the remainder when 1133621 is divided by 375.
371
What is the remainder when 2645954 is divided by 449?
446
What is the remainder when 79576 is divided by 32?
24
What is the remainder when 825795 is divided by 71?
65
Calculate the remainder when 790 is divided by 52.
10
What is the remainder when 343200 is divided by 13?
0
Calculate the remainder when 105584 is divided by 577.
570
Calculate the remainder when 135760 is divided by 127.
124
Calculate the remainder when 903 is divided by 187.
155
Calculate the remainder when 68656 is divided by 487.
476
Calculate the remainder when 38539 is divided by 9538.
387
Calculate the remainder when 1150 is divided by 253.
138
What is the remainder when 34500 is divided by 6898?
10
What is the remainder when 18511 is divided by 3699?
16
What is the remainder when 3547 is divided by 3321?
226
Calculate the remainder when 5849 is divided by 25.
24
What is the remainder when 328 is divided by 53?
10
What is the remainder when 323661 is divided by 1534?
1521
What is the remainder when 143324 is divided by 29?
6
What is the remainder when 1699 is divided by 824?
51
What is the remainder when 171443 is divided by 1270?
1263
Calculate the remainder when 33098 is divided by 11025.
23
What is the remainder when 1302717 is divided by 23?
20
What is the remainder when 3500 is divided by 14?
0
Calculate the remainder when 46806 is divided by 372.
306
What is the remainder when 2523509 is divided by 198?
197
Calculate the remainder when 55582 is divided by 431.
414
Calculate the remainder when 28028 is divided by 38.
22
What is the remainder when 508 is divided by 15?
13
Calculate the remainder when 547 is divided by 71.
50
What is the remainder when 23031 is divided by 7673?
12
What is the remainder when 9241 is divided by 35?
1
Calculate the remainder when 25270 is divided by 36.
34
Calculate the remainder when 120372 is divided by 305.
202
Calculate the remainder when 41503 is divided by 17.
6
What is the remainder when 674473 is divided by 255?
253
What is the remainder when 316 is divided by 230?
86
What is the remainder when 547676 is divided by 1680?
1676
Calculate the remainder when 53683 is divided by 171.
160
Calculate the remainder when 21440 is divided by 345.
50
Calculate the remainder when 1246089 is divided by 5192.
9
Calculate the remainder when 31158 is divided by 294.
288
Calculate the remainder when 37784 is divided by 87.
26
Calculate the remainder when 5545 is divided by 2758.
29
Calculate the remainder when 74480 is divided by 37240.
0
Calculate the remainder when 166803 is divided by 365.
363
Calculate the remainder when 60542 is divided by 7.
6
What is the remainder when 36854 is divided by 151?
10
Calculate the remainder when 5318 is divided by 359.
292
Calculate the remainder when 13507 is divided by 903.
865
Calculate the remainder when 6646 is divided by 1319.
51
Calculate the remainder when 12116 is divided by 97.
88
Calculate the remainder when 2827 is divided by 63.
55
Calculate the remainder when 1512046 is divided by 50.
46
Calculate the remainder when 2979 is divided by 120.
99
What is the remainder when 12683 is divided by 1809?
20
Calculate the remainder when 14819 is divided by 617.
11
Calculate the remainder when 2211884 is divided by 855.
854
What is the remainder when 11540 is divided by 10?
0
What is the remainder when 7264 is divided by 565?
484
What is the remainder when 137048 is divided by 137044?
4
What is the remainder when 408048 is divided by 27?
24
What is the remainder when 5861 is divided by 2926?
9
Calculate the remainder when 3695 is divided by 306.
23
Calculate the remainder when 113301 is divided by 195.
6
Calculate the remainder when 16422 is divided by 293.
14
What is the remainder when 19136 is divided by 441?
173
Calculate the remainder when 3124858 is divided by 579.
574
What is the remainder when 6685 is divided by 6585?
100
What is the remainder when 230831 is divided by 28?
27
Calculate the remainder when 946 is divided by 146.
70
Calculate the remainder when 32120 is divided by 37.
4
Calculate the remainder when 5861 is divided by 976.
5
Calculate the remainder when 16096 is divided by 122.
114
Calculate the remainder when 22979 is divided by 5719.
103
Calculate the remainder when 15578 is divided by 7766.
46
Calculate the remainder when 13309 is divided by 256.
253
What is the remainder when 15911 is divided by 78?
77
What is the remainder when 12749 is divided by 1363?
482
What is the remainder when 645369 is divided by 12?
9
What is the remainder when 47140 is divided by 24?
4
What is the remainder when 7774 is divided by 75?
49
Calculate the remainder when 88725 is divided by 89.
81
Calculate the remainder when 7436 is divided by 2879.
1678
What is the remainder when 1899214 is divided by 981?
979
